{"id":509,"date":"2022-04-05T22:20:57","date_gmt":"2022-04-05T22:20:57","guid":{"rendered":"https:\/\/chefamadeoandorra.com\/?page_id=509"},"modified":"2023-07-26T08:42:29","modified_gmt":"2023-07-26T08:42:29","slug":"como-llegar","status":"publish","type":"page","link":"https:\/\/chefamadeoandorra.com\/index.php\/como-llegar\/","title":{"rendered":"C\u00f3mo llegar"},"content":{"rendered":"<p>[et_pb_section fb_built=\u00bb1&#8243; _builder_version=\u00bb4.21.0&#8243; _module_preset=\u00bbdefault\u00bb background_color=\u00bbRGBA(255,255,255,0)\u00bb use_background_color_gradient=\u00bbon\u00bb background_image=\u00bbhttps:\/\/chefamadeoandorra.com\/wp-content\/uploads\/2022\/03\/Chef-Amadeo-andorra-fachada.jpeg\u00bb min_height=\u00bb760.8px\u00bb hover_enabled=\u00bb0&#8243; global_colors_info=\u00bb{}\u00bb link_option_url=\u00bbhttps:\/\/maps.google.com\/maps\/dir\/\/Arrosseria+Chef+Amadeo+Andorra+Av.+d&#8217;Enclar,+98+AD500+Santa+Coloma+Andorra\/@42.4937699,1.4977478,10z\/data=!4m5!4m4!1m0!1m2!1m1!1s0x12af6226fc60e2ef:0xfe64b8975e6b033d\u00bb link_option_url_new_window=\u00bbon\u00bb sticky_enabled=\u00bb0&#8243;][et_pb_row _builder_version=\u00bb4.21.0&#8243; _module_preset=\u00bbdefault\u00bb hover_enabled=\u00bb0&#8243; global_colors_info=\u00bb{}\u00bb link_option_url=\u00bbhttps:\/\/maps.google.com\/maps\/dir\/\/Arrosseria+Chef+Amadeo+Andorra+Av.+d&#8217;Enclar,+98+AD500+Santa+Coloma+Andorra\/@42.4937699,1.4977478,10z\/data=!4m5!4m4!1m0!1m2!1m1!1s0x12af6226fc60e2ef:0xfe64b8975e6b033d\u00bb link_option_url_new_window=\u00bbon\u00bb sticky_enabled=\u00bb0&#8243;][et_pb_column type=\u00bb4_4&#8243; _builder_version=\u00bb4.16.1&#8243; _module_preset=\u00bbdefault\u00bb global_colors_info=\u00bb{}\u00bb][et_pb_text _builder_version=\u00bb4.21.0&#8243; _module_preset=\u00bbdefault\u00bb text_font=\u00bbMontserrat|900||||on|||\u00bb text_text_color=\u00bb#FFFFFF\u00bb text_font_size=\u00bb30px\u00bb link_option_url=\u00bbhttps:\/\/maps.google.com\/maps\/dir\/\/Arrosseria+Chef+Amadeo+Andorra+Av.+d&#8217;Enclar,+98+AD500+Santa+Coloma+Andorra\/@42.4937699,1.4977478,10z\/data=!4m5!4m4!1m0!1m2!1m1!1s0x12af6226fc60e2ef:0xfe64b8975e6b033d\u00bb hover_enabled=\u00bb0&#8243; text_font_size_tablet=\u00bb30px\u00bb text_font_size_phone=\u00bb20px\u00bb text_font_size_last_edited=\u00bbon|desktop\u00bb global_colors_info=\u00bb{}\u00bb link_option_url_new_window=\u00bbon\u00bb sticky_enabled=\u00bb0&#8243;]<\/p>\n<p>D\u00f3nde Estamos y c\u00f3mo llegar<\/p>\n<p>[\/et_pb_text][\/et_pb_column][\/et_pb_row][et_pb_row _builder_version=\u00bb4.21.0&#8243; _module_preset=\u00bbdefault\u00bb hover_enabled=\u00bb0&#8243; global_colors_info=\u00bb{}\u00bb link_option_url=\u00bbhttps:\/\/maps.google.com\/maps\/dir\/\/Arrosseria+Chef+Amadeo+Andorra+Av.+d&#8217;Enclar,+98+AD500+Santa+Coloma+Andorra\/@42.4937699,1.4977478,10z\/data=!4m5!4m4!1m0!1m2!1m1!1s0x12af6226fc60e2ef:0xfe64b8975e6b033d\u00bb link_option_url_new_window=\u00bbon\u00bb sticky_enabled=\u00bb0&#8243;][et_pb_column type=\u00bb4_4&#8243; _builder_version=\u00bb4.16.1&#8243; _module_preset=\u00bbdefault\u00bb global_colors_info=\u00bb{}\u00bb][dsm_embed_google_map address=\u00bbArrosseria Chef Amadeo Andorra, Av. d&#8217;Enclar, 98, AD500 Santa Coloma\u00bb _builder_version=\u00bb4.21.0&#8243; _module_preset=\u00bbdefault\u00bb animation_style=\u00bbslide\u00bb link_option_url=\u00bbhttps:\/\/www.google.com\/maps\/dir\/42.4529726,1.4918245\/arrosseria+chef+amadeo\/@42.4731467,1.4761767,14z\/data=!3m1!4b1!4m9!4m8!1m1!4e1!1m5!1m1!1s0x12af6226fc60e2ef:0xfe64b8975e6b033d!2m2!1d1.4978328!2d42.4935326&#8243; hover_enabled=\u00bb0&#8243; global_colors_info=\u00bb{}\u00bb sticky_enabled=\u00bb0&#8243;][\/dsm_embed_google_map][\/et_pb_column][\/et_pb_row][\/et_pb_section]<\/p>\n","protected":false},"excerpt":{"rendered":"<p>D\u00f3nde Estamos y c\u00f3mo llegar<div class=\"et_pb_module dsm_embed_google_map dsm_embed_google_map_0 et_animated et_clickable\">\n\t\t\t\t\n\t\t\t\t\n\t\t\t\t\n\t\t\t\t\n\t\t\t\t\n\t\t\t\t\n\t\t\t\t<div class=\"et_pb_module_inner\">\n\t\t\t\t\t<iframe frameborder=\"0\" scrolling=\"no\" marginheight=\"0\" marginwidth=\"0\" src=\"https:\/\/maps.google.com\/maps?q=Arrosseria%20Chef%20Amadeo%20Andorra%2C%20Av.%20d%27Enclar%2C%2098%2C%20AD500%20Santa%20Coloma&amp;t=m&amp;z=10&amp;output=embed&amp;iwloc=near&hl=es_ES\" aria-label=\"Arrosseria Chef Amadeo Andorra, Av. d&#039;Enclar, 98, AD500 Santa Coloma\"><\/iframe>\n\t\t\t\t<\/div>\n\t\t\t<\/div><\/p>\n","protected":false},"author":1,"featured_media":0,"parent":0,"menu_order":0,"comment_status":"closed","ping_status":"closed","template":"","meta":{"_et_pb_use_builder":"on","_et_pb_old_content":"","_et_gb_content_width":"","footnotes":""},"class_list":["post-509","page","type-page","status-publish","hentry"],"yoast_head":"<!-- This site is optimized with the Yoast SEO plugin v27.4 - https:\/\/yoast.com\/product\/yoast-seo-wordpress\/ -->\n<title>C\u00f3mo llegar - Chefamadeo<\/title>\n<meta name=\"robots\" content=\"index, follow, max-snippet:-1, max-image-preview:large, max-video-preview:-1\" \/>\n<link rel=\"canonical\" href=\"https:\/\/chefamadeoandorra.com\/index.php\/como-llegar\/\" \/>\n<meta property=\"og:locale\" content=\"es_ES\" \/>\n<meta property=\"og:type\" content=\"article\" \/>\n<meta property=\"og:title\" content=\"C\u00f3mo llegar - Chefamadeo\" \/>\n<meta property=\"og:description\" content=\"D\u00f3nde Estamos y c\u00f3mo llegar\" \/>\n<meta property=\"og:url\" content=\"https:\/\/chefamadeoandorra.com\/index.php\/como-llegar\/\" \/>\n<meta property=\"og:site_name\" content=\"Chefamadeo\" \/>\n<meta property=\"article:modified_time\" content=\"2023-07-26T08:42:29+00:00\" \/>\n<meta name=\"twitter:card\" content=\"summary_large_image\" \/>\n<meta name=\"twitter:label1\" content=\"Tiempo de lectura\" \/>\n\t<meta name=\"twitter:data1\" content=\"1 minuto\" \/>\n<script type=\"application\/ld+json\" class=\"yoast-schema-graph\">{\"@context\":\"https:\\\/\\\/schema.org\",\"@graph\":[{\"@type\":\"WebPage\",\"@id\":\"https:\\\/\\\/chefamadeoandorra.com\\\/index.php\\\/como-llegar\\\/\",\"url\":\"https:\\\/\\\/chefamadeoandorra.com\\\/index.php\\\/como-llegar\\\/\",\"name\":\"C\u00f3mo llegar - Chefamadeo\",\"isPartOf\":{\"@id\":\"https:\\\/\\\/chefamadeoandorra.com\\\/#website\"},\"datePublished\":\"2022-04-05T22:20:57+00:00\",\"dateModified\":\"2023-07-26T08:42:29+00:00\",\"breadcrumb\":{\"@id\":\"https:\\\/\\\/chefamadeoandorra.com\\\/index.php\\\/como-llegar\\\/#breadcrumb\"},\"inLanguage\":\"es\",\"potentialAction\":[{\"@type\":\"ReadAction\",\"target\":[\"https:\\\/\\\/chefamadeoandorra.com\\\/index.php\\\/como-llegar\\\/\"]}]},{\"@type\":\"BreadcrumbList\",\"@id\":\"https:\\\/\\\/chefamadeoandorra.com\\\/index.php\\\/como-llegar\\\/#breadcrumb\",\"itemListElement\":[{\"@type\":\"ListItem\",\"position\":1,\"name\":\"Portada\",\"item\":\"https:\\\/\\\/chefamadeoandorra.com\\\/\"},{\"@type\":\"ListItem\",\"position\":2,\"name\":\"C\u00f3mo llegar\"}]},{\"@type\":\"WebSite\",\"@id\":\"https:\\\/\\\/chefamadeoandorra.com\\\/#website\",\"url\":\"https:\\\/\\\/chefamadeoandorra.com\\\/\",\"name\":\"Chefamadeo\",\"description\":\"El Caloret de Gandia\",\"publisher\":{\"@id\":\"https:\\\/\\\/chefamadeoandorra.com\\\/#organization\"},\"potentialAction\":[{\"@type\":\"SearchAction\",\"target\":{\"@type\":\"EntryPoint\",\"urlTemplate\":\"https:\\\/\\\/chefamadeoandorra.com\\\/?s={search_term_string}\"},\"query-input\":{\"@type\":\"PropertyValueSpecification\",\"valueRequired\":true,\"valueName\":\"search_term_string\"}}],\"inLanguage\":\"es\"},{\"@type\":\"Organization\",\"@id\":\"https:\\\/\\\/chefamadeoandorra.com\\\/#organization\",\"name\":\"Chefamadeoandorra\",\"url\":\"https:\\\/\\\/chefamadeoandorra.com\\\/\",\"logo\":{\"@type\":\"ImageObject\",\"inLanguage\":\"es\",\"@id\":\"https:\\\/\\\/chefamadeoandorra.com\\\/#\\\/schema\\\/logo\\\/image\\\/\",\"url\":\"https:\\\/\\\/chefamadeoandorra.com\\\/wp-content\\\/uploads\\\/2022\\\/03\\\/logo-amadeo-ANDORRA.jpeg\",\"contentUrl\":\"https:\\\/\\\/chefamadeoandorra.com\\\/wp-content\\\/uploads\\\/2022\\\/03\\\/logo-amadeo-ANDORRA.jpeg\",\"width\":867,\"height\":379,\"caption\":\"Chefamadeoandorra\"},\"image\":{\"@id\":\"https:\\\/\\\/chefamadeoandorra.com\\\/#\\\/schema\\\/logo\\\/image\\\/\"}}]}<\/script>\n<!-- \/ Yoast SEO plugin. -->","yoast_head_json":{"title":"C\u00f3mo llegar - Chefamadeo","robots":{"index":"index","follow":"follow","max-snippet":"max-snippet:-1","max-image-preview":"max-image-preview:large","max-video-preview":"max-video-preview:-1"},"canonical":"https:\/\/chefamadeoandorra.com\/index.php\/como-llegar\/","og_locale":"es_ES","og_type":"article","og_title":"C\u00f3mo llegar - Chefamadeo","og_description":"D\u00f3nde Estamos y c\u00f3mo llegar","og_url":"https:\/\/chefamadeoandorra.com\/index.php\/como-llegar\/","og_site_name":"Chefamadeo","article_modified_time":"2023-07-26T08:42:29+00:00","twitter_card":"summary_large_image","twitter_misc":{"Tiempo de lectura":"1 minuto"},"schema":{"@context":"https:\/\/schema.org","@graph":[{"@type":"WebPage","@id":"https:\/\/chefamadeoandorra.com\/index.php\/como-llegar\/","url":"https:\/\/chefamadeoandorra.com\/index.php\/como-llegar\/","name":"C\u00f3mo llegar - Chefamadeo","isPartOf":{"@id":"https:\/\/chefamadeoandorra.com\/#website"},"datePublished":"2022-04-05T22:20:57+00:00","dateModified":"2023-07-26T08:42:29+00:00","breadcrumb":{"@id":"https:\/\/chefamadeoandorra.com\/index.php\/como-llegar\/#breadcrumb"},"inLanguage":"es","potentialAction":[{"@type":"ReadAction","target":["https:\/\/chefamadeoandorra.com\/index.php\/como-llegar\/"]}]},{"@type":"BreadcrumbList","@id":"https:\/\/chefamadeoandorra.com\/index.php\/como-llegar\/#breadcrumb","itemListElement":[{"@type":"ListItem","position":1,"name":"Portada","item":"https:\/\/chefamadeoandorra.com\/"},{"@type":"ListItem","position":2,"name":"C\u00f3mo llegar"}]},{"@type":"WebSite","@id":"https:\/\/chefamadeoandorra.com\/#website","url":"https:\/\/chefamadeoandorra.com\/","name":"Chefamadeo","description":"El Caloret de Gandia","publisher":{"@id":"https:\/\/chefamadeoandorra.com\/#organization"},"potentialAction":[{"@type":"SearchAction","target":{"@type":"EntryPoint","urlTemplate":"https:\/\/chefamadeoandorra.com\/?s={search_term_string}"},"query-input":{"@type":"PropertyValueSpecification","valueRequired":true,"valueName":"search_term_string"}}],"inLanguage":"es"},{"@type":"Organization","@id":"https:\/\/chefamadeoandorra.com\/#organization","name":"Chefamadeoandorra","url":"https:\/\/chefamadeoandorra.com\/","logo":{"@type":"ImageObject","inLanguage":"es","@id":"https:\/\/chefamadeoandorra.com\/#\/schema\/logo\/image\/","url":"https:\/\/chefamadeoandorra.com\/wp-content\/uploads\/2022\/03\/logo-amadeo-ANDORRA.jpeg","contentUrl":"https:\/\/chefamadeoandorra.com\/wp-content\/uploads\/2022\/03\/logo-amadeo-ANDORRA.jpeg","width":867,"height":379,"caption":"Chefamadeoandorra"},"image":{"@id":"https:\/\/chefamadeoandorra.com\/#\/schema\/logo\/image\/"}}]}},"_links":{"self":[{"href":"https:\/\/chefamadeoandorra.com\/index.php\/wp-json\/wp\/v2\/pages\/509","targetHints":{"allow":["GET"]}}],"collection":[{"href":"https:\/\/chefamadeoandorra.com\/index.php\/wp-json\/wp\/v2\/pages"}],"about":[{"href":"https:\/\/chefamadeoandorra.com\/index.php\/wp-json\/wp\/v2\/types\/page"}],"author":[{"embeddable":true,"href":"https:\/\/chefamadeoandorra.com\/index.php\/wp-json\/wp\/v2\/users\/1"}],"replies":[{"embeddable":true,"href":"https:\/\/chefamadeoandorra.com\/index.php\/wp-json\/wp\/v2\/comments?post=509"}],"version-history":[{"count":0,"href":"https:\/\/chefamadeoandorra.com\/index.php\/wp-json\/wp\/v2\/pages\/509\/revisions"}],"wp:attachment":[{"href":"https:\/\/chefamadeoandorra.com\/index.php\/wp-json\/wp\/v2\/media?parent=509"}],"curies":[{"name":"wp","href":"https:\/\/api.w.org\/{rel}","templated":true}]}}

Cómo llegar

<p>[et_pb_section fb_built=»1&#8243; _builder_version=»4.21.0&#8243; _module_preset=»default» background_color=»RGBA(255,255,255,0)» use_background_color_gradient=»on» background_image=»https://chefamadeoandorra.com/wp-content/uploads/2022/03/Chef-Amadeo-andorra-fachada.jpeg» min_height=»760.8px» hover_enabled=»0&#8243; global_colors_info=»{}» link_option_url=»https://maps.google.com/maps/dir//Arrosseria+Chef+Amadeo+Andorra+Av.+d&#8217;Enclar,+98+AD500+Santa+Coloma+Andorra/@42.4937699,1.4977478,10z/data=!4m5!4m4!1m0!1m2!1m1!1s0x12af6226fc60e2ef:0xfe64b8975e6b033d» link_option_url_new_window=»on» sticky_enabled=»0&#8243;][et_pb_row _builder_version=»4.21.0&#8243; _module_preset=»default» hover_enabled=»0&#8243; global_colors_info=»{}» link_option_url=»https://maps.google.com/maps/dir//Arrosseria+Chef+Amadeo+Andorra+Av.+d&#8217;Enclar,+98+AD500+Santa+Coloma+Andorra/@42.4937699,1.4977478,10z/data=!4m5!4m4!1m0!1m2!1m1!1s0x12af6226fc60e2ef:0xfe64b8975e6b033d» link_option_url_new_window=»on» sticky_enabled=»0&#8243;][et_pb_column type=»4_4&#8243; _builder_version=»4.16.1&#8243; _module_preset=»default» global_colors_info=»{}»][et_pb_text _builder_version=»4.21.0&#8243; _module_preset=»default» text_font=»Montserrat|900||||on|||» text_text_color=»#FFFFFF» text_font_size=»30px» link_option_url=»https://maps.google.com/maps/dir//Arrosseria+Chef+Amadeo+Andorra+Av.+d&#8217;Enclar,+98+AD500+Santa+Coloma+Andorra/@42.4937699,1.4977478,10z/data=!4m5!4m4!1m0!1m2!1m1!1s0x12af6226fc60e2ef:0xfe64b8975e6b033d» hover_enabled=»0&#8243; text_font_size_tablet=»30px» text_font_size_phone=»20px» text_font_size_last_edited=»on|desktop» global_colors_info=»{}» link_option_url_new_window=»on» sticky_enabled=»0&#8243;]</p>
<p>Dónde Estamos y cómo llegar</p>
<p>[/et_pb_text][/et_pb_column][/et_pb_row][et_pb_row _builder_version=»4.21.0&#8243; _module_preset=»default» hover_enabled=»0&#8243; global_colors_info=»{}» link_option_url=»https://maps.google.com/maps/dir//Arrosseria+Chef+Amadeo+Andorra+Av.+d&#8217;Enclar,+98+AD500+Santa+Coloma+Andorra/@42.4937699,1.4977478,10z/data=!4m5!4m4!1m0!1m2!1m1!1s0x12af6226fc60e2ef:0xfe64b8975e6b033d» link_option_url_new_window=»on» sticky_enabled=»0&#8243;][et_pb_column type=»4_4&#8243; _builder_version=»4.16.1&#8243; _module_preset=»default» global_colors_info=»{}»][dsm_embed_google_map address=»Arrosseria Chef Amadeo Andorra, Av. d&#8217;Enclar, 98, AD500 Santa Coloma» _builder_version=»4.21.0&#8243; _module_preset=»default» animation_style=»slide» link_option_url=»https://www.google.com/maps/dir/42.4529726,1.4918245/arrosseria+chef+amadeo/@42.4731467,1.4761767,14z/data=!3m1!4b1!4m9!4m8!1m1!4e1!1m5!1m1!1s0x12af6226fc60e2ef:0xfe64b8975e6b033d!2m2!1d1.4978328!2d42.4935326&#8243; hover_enabled=»0&#8243; global_colors_info=»{}» sticky_enabled=»0&#8243;][/dsm_embed_google_map][/et_pb_column][/et_pb_row][/et_pb_section]</p>

<p>Dónde Estamos y cómo llegar<div class="et_pb_module dsm_embed_google_map dsm_embed_google_map_0 et_animated et_clickable">
				
				
				
				
				
				
				<div class="et_pb_module_inner">
					<iframe frameborder="0" scrolling="no" marginheight="0" marginwidth="0" src="https://maps.google.com/maps?q=Arrosseria%20Chef%20Amadeo%20Andorra%2C%20Av.%20d%27Enclar%2C%2098%2C%20AD500%20Santa%20Coloma&amp;t=m&amp;z=10&amp;output=embed&amp;iwloc=near&hl=es_ES" aria-label="Arrosseria Chef Amadeo Andorra, Av. d&#039;Enclar, 98, AD500 Santa Coloma"></iframe>
				</div>
			</div></p>

<!-- This site is optimized with the Yoast SEO plugin v27.4 - https://yoast.com/product/yoast-seo-wordpress/ -->
<title>Cómo llegar - Chefamadeo</title>
<meta name="robots" content="index, follow, max-snippet:-1, max-image-preview:large, max-video-preview:-1" />
<link rel="canonical" href="https://chefamadeoandorra.com/index.php/como-llegar/" />
<meta property="og:locale" content="es_ES" />
<meta property="og:type" content="article" />
<meta property="og:title" content="Cómo llegar - Chefamadeo" />
<meta property="og:description" content="Dónde Estamos y cómo llegar" />
<meta property="og:url" content="https://chefamadeoandorra.com/index.php/como-llegar/" />
<meta property="og:site_name" content="Chefamadeo" />
<meta property="article:modified_time" content="2023-07-26T08:42:29+00:00" />
<meta name="twitter:card" content="summary_large_image" />
<meta name="twitter:label1" content="Tiempo de lectura" />
	<meta name="twitter:data1" content="1 minuto" />
<script type="application/ld+json" class="yoast-schema-graph">{"@context":"https:\/\/schema.org","@graph":[{"@type":"WebPage","@id":"https:\/\/chefamadeoandorra.com\/index.php\/como-llegar\/","url":"https:\/\/chefamadeoandorra.com\/index.php\/como-llegar\/","name":"Cómo llegar - Chefamadeo","isPartOf":{"@id":"https:\/\/chefamadeoandorra.com\/#website"},"datePublished":"2022-04-05T22:20:57+00:00","dateModified":"2023-07-26T08:42:29+00:00","breadcrumb":{"@id":"https:\/\/chefamadeoandorra.com\/index.php\/como-llegar\/#breadcrumb"},"inLanguage":"es","potentialAction":[{"@type":"ReadAction","target":["https:\/\/chefamadeoandorra.com\/index.php\/como-llegar\/"]}]},{"@type":"BreadcrumbList","@id":"https:\/\/chefamadeoandorra.com\/index.php\/como-llegar\/#breadcrumb","itemListElement":[{"@type":"ListItem","position":1,"name":"Portada","item":"https:\/\/chefamadeoandorra.com\/"},{"@type":"ListItem","position":2,"name":"Cómo llegar"}]},{"@type":"WebSite","@id":"https:\/\/chefamadeoandorra.com\/#website","url":"https:\/\/chefamadeoandorra.com\/","name":"Chefamadeo","description":"El Caloret de Gandia","publisher":{"@id":"https:\/\/chefamadeoandorra.com\/#organization"},"potentialAction":[{"@type":"SearchAction","target":{"@type":"EntryPoint","urlTemplate":"https:\/\/chefamadeoandorra.com\/?s={search_term_string}"},"query-input":{"@type":"PropertyValueSpecification","valueRequired":true,"valueName":"search_term_string"}}],"inLanguage":"es"},{"@type":"Organization","@id":"https:\/\/chefamadeoandorra.com\/#organization","name":"Chefamadeoandorra","url":"https:\/\/chefamadeoandorra.com\/","logo":{"@type":"ImageObject","inLanguage":"es","@id":"https:\/\/chefamadeoandorra.com\/#\/schema\/logo\/image\/","url":"https:\/\/chefamadeoandorra.com\/wp-content\/uploads\/2022\/03\/logo-amadeo-ANDORRA.jpeg","contentUrl":"https:\/\/chefamadeoandorra.com\/wp-content\/uploads\/2022\/03\/logo-amadeo-ANDORRA.jpeg","width":867,"height":379,"caption":"Chefamadeoandorra"},"image":{"@id":"https:\/\/chefamadeoandorra.com\/#\/schema\/logo\/image\/"}}]}</script>
<!-- / Yoast SEO plugin. -->

Cómo llegar - Chefamadeo

Dónde Estamos y cómo llegar
