{"id":2439,"date":"2023-09-14T17:56:23","date_gmt":"2023-09-14T17:56:23","guid":{"rendered":"https:\/\/chefamadeoandorra.com\/?page_id=2439"},"modified":"2023-09-14T18:01:42","modified_gmt":"2023-09-14T18:01:42","slug":"premios","status":"publish","type":"page","link":"https:\/\/chefamadeoandorra.com\/index.php\/premios\/","title":{"rendered":"Premios"},"content":{"rendered":"<p>[et_pb_section fb_built=\u00bb1&#8243; _builder_version=\u00bb4.16&#8243; custom_padding=\u00bb100px||3px|||\u00bb global_colors_info=\u00bb{}\u00bb][et_pb_row _builder_version=\u00bb4.16&#8243; global_colors_info=\u00bb{}\u00bb][et_pb_column type=\u00bb4_4&#8243; _builder_version=\u00bb4.16&#8243; global_colors_info=\u00bb{}\u00bb][et_pb_post_title meta=\u00bboff\u00bb featured_image=\u00bboff\u00bb _builder_version=\u00bb4.16&#8243; title_text_align=\u00bbcenter\u00bb title_font_size=\u00bb38px\u00bb global_colors_info=\u00bb{}\u00bb][\/et_pb_post_title][\/et_pb_column][\/et_pb_row][et_pb_row column_structure=\u00bb3_5,2_5&#8243; use_custom_gutter=\u00bbon\u00bb gutter_width=\u00bb2&#8243; _builder_version=\u00bb4.16&#8243; width=\u00bb100%\u00bb max_width=\u00bb1500px\u00bb custom_padding=\u00bb100px||3px|||\u00bb global_colors_info=\u00bb{}\u00bb][et_pb_column type=\u00bb3_5&#8243; _builder_version=\u00bb4.16&#8243; global_colors_info=\u00bb{}\u00bb][et_pb_image src=\u00bbhttps:\/\/chefamadeoandorra.com\/wp-content\/uploads\/2023\/09\/Premios.jpg\u00bb title_text=\u00bbPremios\u00bb _builder_version=\u00bb4.22.1&#8243; width=\u00bb94.6%\u00bb global_colors_info=\u00bb{}\u00bb][\/et_pb_image][\/et_pb_column][et_pb_column type=\u00bb2_5&#8243; _builder_version=\u00bb4.16&#8243; global_colors_info=\u00bb{}\u00bb][et_pb_text _builder_version=\u00bb4.22.1&#8243; text_font_size=\u00bb16px\u00bb custom_margin=\u00bb-2px|||||\u00bb hover_enabled=\u00bb0&#8243; global_colors_info=\u00bb{}\u00bb sticky_enabled=\u00bb0&#8243;]<\/p>\n<h3>PREMIOS EN CONCURSOS DE COCINA<\/h3>\n<p>&#8211; Primer premio Fideu\u00e0 de Gandia 2019<\/p>\n<p>&#8211; Primer premio Fideu\u00e0 de Gandia 2015<\/p>\n<p>&#8211; Primer premio\u00a0Arr\u00f2s rossejat de Torrent 2018<\/p>\n<p>&#8211; Segundo premio Putxero de l\u2019Alc\u00fadia 2017<\/p>\n<p>&#8211; Tercer premio Putxero de l\u2019Alc\u00fadia 2016<\/p>\n<p>&#8211; Primer premio Fideu\u00e1 de Gandia 2014<\/p>\n<p>&#8211; Segundo premio Arr\u00f2s cald\u00f3s Llutxent 2014<\/p>\n<p>&#8211; Al mejor postre 2013 Fideu\u00e1 Gandia 2013<\/p>\n<p>&#8211; Tercer premio Fideu\u00e1 Gandia 2012<\/p>\n<p>&#8211; Primer premio Blat picat certamen Villalonga 2012<\/p>\n<p>&#8211; Primer premio Arr\u00f2s cald\u00f3s Llutxent 2011<\/p>\n<p>&#8211; Segundo premio Blat picat certamen Villalonga 2010<\/p>\n<p>&#8211; Primer premio Plato libre certamen gastron\u00f3mico Denia 2002<\/p>\n<p>&#8211; Primer premio Arroz a banda certamen gastron\u00f3mico Denia 2001<\/p>\n<p><span class=\"Apple-converted-space\">&#8211; Primer premio Gastronom\u00eda y presentaci\u00f3n hotel Bayren 1989<\/span><span class=\"Apple-converted-space\">\u00a0<\/span><\/p>\n<p>&nbsp;<\/p>\n<p>[\/et_pb_text][\/et_pb_column][\/et_pb_row][\/et_pb_section]<\/p>\n","protected":false},"excerpt":{"rendered":"<p>PREMIOS EN CONCURSOS DE COCINA &#8211; Primer premio Fideu\u00e0 de Gandia 2019 &#8211; Primer premio Fideu\u00e0 de Gandia 2015 &#8211; Primer premio\u00a0Arr\u00f2s rossejat de Torrent 2018 &#8211; Segundo premio Putxero de l\u2019Alc\u00fadia 2017 &#8211; Tercer premio Putxero de l\u2019Alc\u00fadia 2016 &#8211; Primer premio Fideu\u00e1 de Gandia 2014 &#8211; Segundo premio Arr\u00f2s cald\u00f3s Llutxent 2014 &#8211; [&hellip;]<\/p>\n","protected":false},"author":1,"featured_media":0,"parent":0,"menu_order":0,"comment_status":"closed","ping_status":"closed","template":"","meta":{"_et_pb_use_builder":"on","_et_pb_old_content":"","_et_gb_content_width":"","footnotes":""},"class_list":["post-2439","page","type-page","status-publish","hentry"],"yoast_head":"<!-- This site is optimized with the Yoast SEO plugin v27.4 - https:\/\/yoast.com\/product\/yoast-seo-wordpress\/ -->\n<title>Premios - Chefamadeo<\/title>\n<meta name=\"robots\" content=\"index, follow, max-snippet:-1, max-image-preview:large, max-video-preview:-1\" \/>\n<link rel=\"canonical\" href=\"https:\/\/chefamadeoandorra.com\/index.php\/premios\/\" \/>\n<meta property=\"og:locale\" content=\"es_ES\" \/>\n<meta property=\"og:type\" content=\"article\" \/>\n<meta property=\"og:title\" content=\"Premios - Chefamadeo\" \/>\n<meta property=\"og:description\" content=\"PREMIOS EN CONCURSOS DE COCINA - Primer premio Fideu\u00e0 de Gandia 2019 - Primer premio Fideu\u00e0 de Gandia 2015 - Primer premio\u00a0Arr\u00f2s rossejat de Torrent 2018 - Segundo premio Putxero de l\u2019Alc\u00fadia 2017 - Tercer premio Putxero de l\u2019Alc\u00fadia 2016 - Primer premio Fideu\u00e1 de Gandia 2014 - Segundo premio Arr\u00f2s cald\u00f3s Llutxent 2014 - [&hellip;]\" \/>\n<meta property=\"og:url\" content=\"https:\/\/chefamadeoandorra.com\/index.php\/premios\/\" \/>\n<meta property=\"og:site_name\" content=\"Chefamadeo\" \/>\n<meta property=\"article:modified_time\" content=\"2023-09-14T18:01:42+00:00\" \/>\n<meta name=\"twitter:card\" content=\"summary_large_image\" \/>\n<meta name=\"twitter:label1\" content=\"Tiempo de lectura\" \/>\n\t<meta name=\"twitter:data1\" content=\"1 minuto\" \/>\n<script type=\"application\/ld+json\" class=\"yoast-schema-graph\">{\"@context\":\"https:\\\/\\\/schema.org\",\"@graph\":[{\"@type\":\"WebPage\",\"@id\":\"https:\\\/\\\/chefamadeoandorra.com\\\/index.php\\\/premios\\\/\",\"url\":\"https:\\\/\\\/chefamadeoandorra.com\\\/index.php\\\/premios\\\/\",\"name\":\"Premios - Chefamadeo\",\"isPartOf\":{\"@id\":\"https:\\\/\\\/chefamadeoandorra.com\\\/#website\"},\"datePublished\":\"2023-09-14T17:56:23+00:00\",\"dateModified\":\"2023-09-14T18:01:42+00:00\",\"breadcrumb\":{\"@id\":\"https:\\\/\\\/chefamadeoandorra.com\\\/index.php\\\/premios\\\/#breadcrumb\"},\"inLanguage\":\"es\",\"potentialAction\":[{\"@type\":\"ReadAction\",\"target\":[\"https:\\\/\\\/chefamadeoandorra.com\\\/index.php\\\/premios\\\/\"]}]},{\"@type\":\"BreadcrumbList\",\"@id\":\"https:\\\/\\\/chefamadeoandorra.com\\\/index.php\\\/premios\\\/#breadcrumb\",\"itemListElement\":[{\"@type\":\"ListItem\",\"position\":1,\"name\":\"Portada\",\"item\":\"https:\\\/\\\/chefamadeoandorra.com\\\/\"},{\"@type\":\"ListItem\",\"position\":2,\"name\":\"Premios\"}]},{\"@type\":\"WebSite\",\"@id\":\"https:\\\/\\\/chefamadeoandorra.com\\\/#website\",\"url\":\"https:\\\/\\\/chefamadeoandorra.com\\\/\",\"name\":\"Chefamadeo\",\"description\":\"El Caloret de Gandia\",\"publisher\":{\"@id\":\"https:\\\/\\\/chefamadeoandorra.com\\\/#organization\"},\"potentialAction\":[{\"@type\":\"SearchAction\",\"target\":{\"@type\":\"EntryPoint\",\"urlTemplate\":\"https:\\\/\\\/chefamadeoandorra.com\\\/?s={search_term_string}\"},\"query-input\":{\"@type\":\"PropertyValueSpecification\",\"valueRequired\":true,\"valueName\":\"search_term_string\"}}],\"inLanguage\":\"es\"},{\"@type\":\"Organization\",\"@id\":\"https:\\\/\\\/chefamadeoandorra.com\\\/#organization\",\"name\":\"Chefamadeoandorra\",\"url\":\"https:\\\/\\\/chefamadeoandorra.com\\\/\",\"logo\":{\"@type\":\"ImageObject\",\"inLanguage\":\"es\",\"@id\":\"https:\\\/\\\/chefamadeoandorra.com\\\/#\\\/schema\\\/logo\\\/image\\\/\",\"url\":\"https:\\\/\\\/chefamadeoandorra.com\\\/wp-content\\\/uploads\\\/2022\\\/03\\\/logo-amadeo-ANDORRA.jpeg\",\"contentUrl\":\"https:\\\/\\\/chefamadeoandorra.com\\\/wp-content\\\/uploads\\\/2022\\\/03\\\/logo-amadeo-ANDORRA.jpeg\",\"width\":867,\"height\":379,\"caption\":\"Chefamadeoandorra\"},\"image\":{\"@id\":\"https:\\\/\\\/chefamadeoandorra.com\\\/#\\\/schema\\\/logo\\\/image\\\/\"}}]}<\/script>\n<!-- \/ Yoast SEO plugin. -->","yoast_head_json":{"title":"Premios - Chefamadeo","robots":{"index":"index","follow":"follow","max-snippet":"max-snippet:-1","max-image-preview":"max-image-preview:large","max-video-preview":"max-video-preview:-1"},"canonical":"https:\/\/chefamadeoandorra.com\/index.php\/premios\/","og_locale":"es_ES","og_type":"article","og_title":"Premios - Chefamadeo","og_description":"PREMIOS EN CONCURSOS DE COCINA - Primer premio Fideu\u00e0 de Gandia 2019 - Primer premio Fideu\u00e0 de Gandia 2015 - Primer premio\u00a0Arr\u00f2s rossejat de Torrent 2018 - Segundo premio Putxero de l\u2019Alc\u00fadia 2017 - Tercer premio Putxero de l\u2019Alc\u00fadia 2016 - Primer premio Fideu\u00e1 de Gandia 2014 - Segundo premio Arr\u00f2s cald\u00f3s Llutxent 2014 - [&hellip;]","og_url":"https:\/\/chefamadeoandorra.com\/index.php\/premios\/","og_site_name":"Chefamadeo","article_modified_time":"2023-09-14T18:01:42+00:00","twitter_card":"summary_large_image","twitter_misc":{"Tiempo de lectura":"1 minuto"},"schema":{"@context":"https:\/\/schema.org","@graph":[{"@type":"WebPage","@id":"https:\/\/chefamadeoandorra.com\/index.php\/premios\/","url":"https:\/\/chefamadeoandorra.com\/index.php\/premios\/","name":"Premios - Chefamadeo","isPartOf":{"@id":"https:\/\/chefamadeoandorra.com\/#website"},"datePublished":"2023-09-14T17:56:23+00:00","dateModified":"2023-09-14T18:01:42+00:00","breadcrumb":{"@id":"https:\/\/chefamadeoandorra.com\/index.php\/premios\/#breadcrumb"},"inLanguage":"es","potentialAction":[{"@type":"ReadAction","target":["https:\/\/chefamadeoandorra.com\/index.php\/premios\/"]}]},{"@type":"BreadcrumbList","@id":"https:\/\/chefamadeoandorra.com\/index.php\/premios\/#breadcrumb","itemListElement":[{"@type":"ListItem","position":1,"name":"Portada","item":"https:\/\/chefamadeoandorra.com\/"},{"@type":"ListItem","position":2,"name":"Premios"}]},{"@type":"WebSite","@id":"https:\/\/chefamadeoandorra.com\/#website","url":"https:\/\/chefamadeoandorra.com\/","name":"Chefamadeo","description":"El Caloret de Gandia","publisher":{"@id":"https:\/\/chefamadeoandorra.com\/#organization"},"potentialAction":[{"@type":"SearchAction","target":{"@type":"EntryPoint","urlTemplate":"https:\/\/chefamadeoandorra.com\/?s={search_term_string}"},"query-input":{"@type":"PropertyValueSpecification","valueRequired":true,"valueName":"search_term_string"}}],"inLanguage":"es"},{"@type":"Organization","@id":"https:\/\/chefamadeoandorra.com\/#organization","name":"Chefamadeoandorra","url":"https:\/\/chefamadeoandorra.com\/","logo":{"@type":"ImageObject","inLanguage":"es","@id":"https:\/\/chefamadeoandorra.com\/#\/schema\/logo\/image\/","url":"https:\/\/chefamadeoandorra.com\/wp-content\/uploads\/2022\/03\/logo-amadeo-ANDORRA.jpeg","contentUrl":"https:\/\/chefamadeoandorra.com\/wp-content\/uploads\/2022\/03\/logo-amadeo-ANDORRA.jpeg","width":867,"height":379,"caption":"Chefamadeoandorra"},"image":{"@id":"https:\/\/chefamadeoandorra.com\/#\/schema\/logo\/image\/"}}]}},"_links":{"self":[{"href":"https:\/\/chefamadeoandorra.com\/index.php\/wp-json\/wp\/v2\/pages\/2439","targetHints":{"allow":["GET"]}}],"collection":[{"href":"https:\/\/chefamadeoandorra.com\/index.php\/wp-json\/wp\/v2\/pages"}],"about":[{"href":"https:\/\/chefamadeoandorra.com\/index.php\/wp-json\/wp\/v2\/types\/page"}],"author":[{"embeddable":true,"href":"https:\/\/chefamadeoandorra.com\/index.php\/wp-json\/wp\/v2\/users\/1"}],"replies":[{"embeddable":true,"href":"https:\/\/chefamadeoandorra.com\/index.php\/wp-json\/wp\/v2\/comments?post=2439"}],"version-history":[{"count":0,"href":"https:\/\/chefamadeoandorra.com\/index.php\/wp-json\/wp\/v2\/pages\/2439\/revisions"}],"wp:attachment":[{"href":"https:\/\/chefamadeoandorra.com\/index.php\/wp-json\/wp\/v2\/media?parent=2439"}],"curies":[{"name":"wp","href":"https:\/\/api.w.org\/{rel}","templated":true}]}}

<p>[et_pb_section fb_built=»1&#8243; _builder_version=»4.16&#8243; custom_padding=»100px||3px|||» global_colors_info=»{}»][et_pb_row _builder_version=»4.16&#8243; global_colors_info=»{}»][et_pb_column type=»4_4&#8243; _builder_version=»4.16&#8243; global_colors_info=»{}»][et_pb_post_title meta=»off» featured_image=»off» _builder_version=»4.16&#8243; title_text_align=»center» title_font_size=»38px» global_colors_info=»{}»][/et_pb_post_title][/et_pb_column][/et_pb_row][et_pb_row column_structure=»3_5,2_5&#8243; use_custom_gutter=»on» gutter_width=»2&#8243; _builder_version=»4.16&#8243; width=»100%» max_width=»1500px» custom_padding=»100px||3px|||» global_colors_info=»{}»][et_pb_column type=»3_5&#8243; _builder_version=»4.16&#8243; global_colors_info=»{}»][et_pb_image src=»https://chefamadeoandorra.com/wp-content/uploads/2023/09/Premios.jpg» title_text=»Premios» _builder_version=»4.22.1&#8243; width=»94.6%» global_colors_info=»{}»][/et_pb_image][/et_pb_column][et_pb_column type=»2_5&#8243; _builder_version=»4.16&#8243; global_colors_info=»{}»][et_pb_text _builder_version=»4.22.1&#8243; text_font_size=»16px» custom_margin=»-2px|||||» hover_enabled=»0&#8243; global_colors_info=»{}» sticky_enabled=»0&#8243;]</p>
<h3>PREMIOS EN CONCURSOS DE COCINA</h3>
<p>&#8211; Primer premio Fideuà de Gandia 2019</p>
<p>&#8211; Primer premio Fideuà de Gandia 2015</p>
<p>&#8211; Primer premio Arròs rossejat de Torrent 2018</p>
<p>&#8211; Segundo premio Putxero de l’Alcúdia 2017</p>
<p>&#8211; Tercer premio Putxero de l’Alcúdia 2016</p>
<p>&#8211; Primer premio Fideuá de Gandia 2014</p>
<p>&#8211; Segundo premio Arròs caldós Llutxent 2014</p>
<p>&#8211; Al mejor postre 2013 Fideuá Gandia 2013</p>
<p>&#8211; Tercer premio Fideuá Gandia 2012</p>
<p>&#8211; Primer premio Blat picat certamen Villalonga 2012</p>
<p>&#8211; Primer premio Arròs caldós Llutxent 2011</p>
<p>&#8211; Segundo premio Blat picat certamen Villalonga 2010</p>
<p>&#8211; Primer premio Plato libre certamen gastronómico Denia 2002</p>
<p>&#8211; Primer premio Arroz a banda certamen gastronómico Denia 2001</p>
<p><span class="Apple-converted-space">&#8211; Primer premio Gastronomía y presentación hotel Bayren 1989</span><span class="Apple-converted-space"> </span></p>
<p>&nbsp;</p>
<p>[/et_pb_text][/et_pb_column][/et_pb_row][/et_pb_section]</p>

<p>PREMIOS EN CONCURSOS DE COCINA &#8211; Primer premio Fideuà de Gandia 2019 &#8211; Primer premio Fideuà de Gandia 2015 &#8211; Primer premio Arròs rossejat de Torrent 2018 &#8211; Segundo premio Putxero de l’Alcúdia 2017 &#8211; Tercer premio Putxero de l’Alcúdia 2016 &#8211; Primer premio Fideuá de Gandia 2014 &#8211; Segundo premio Arròs caldós Llutxent 2014 &#8211; [&hellip;]</p>

<!-- This site is optimized with the Yoast SEO plugin v27.4 - https://yoast.com/product/yoast-seo-wordpress/ -->
<title>Premios - Chefamadeo</title>
<meta name="robots" content="index, follow, max-snippet:-1, max-image-preview:large, max-video-preview:-1" />
<link rel="canonical" href="https://chefamadeoandorra.com/index.php/premios/" />
<meta property="og:locale" content="es_ES" />
<meta property="og:type" content="article" />
<meta property="og:title" content="Premios - Chefamadeo" />
<meta property="og:description" content="PREMIOS EN CONCURSOS DE COCINA - Primer premio Fideuà de Gandia 2019 - Primer premio Fideuà de Gandia 2015 - Primer premio Arròs rossejat de Torrent 2018 - Segundo premio Putxero de l’Alcúdia 2017 - Tercer premio Putxero de l’Alcúdia 2016 - Primer premio Fideuá de Gandia 2014 - Segundo premio Arròs caldós Llutxent 2014 - [&hellip;]" />
<meta property="og:url" content="https://chefamadeoandorra.com/index.php/premios/" />
<meta property="og:site_name" content="Chefamadeo" />
<meta property="article:modified_time" content="2023-09-14T18:01:42+00:00" />
<meta name="twitter:card" content="summary_large_image" />
<meta name="twitter:label1" content="Tiempo de lectura" />
	<meta name="twitter:data1" content="1 minuto" />
<script type="application/ld+json" class="yoast-schema-graph">{"@context":"https:\/\/schema.org","@graph":[{"@type":"WebPage","@id":"https:\/\/chefamadeoandorra.com\/index.php\/premios\/","url":"https:\/\/chefamadeoandorra.com\/index.php\/premios\/","name":"Premios - Chefamadeo","isPartOf":{"@id":"https:\/\/chefamadeoandorra.com\/#website"},"datePublished":"2023-09-14T17:56:23+00:00","dateModified":"2023-09-14T18:01:42+00:00","breadcrumb":{"@id":"https:\/\/chefamadeoandorra.com\/index.php\/premios\/#breadcrumb"},"inLanguage":"es","potentialAction":[{"@type":"ReadAction","target":["https:\/\/chefamadeoandorra.com\/index.php\/premios\/"]}]},{"@type":"BreadcrumbList","@id":"https:\/\/chefamadeoandorra.com\/index.php\/premios\/#breadcrumb","itemListElement":[{"@type":"ListItem","position":1,"name":"Portada","item":"https:\/\/chefamadeoandorra.com\/"},{"@type":"ListItem","position":2,"name":"Premios"}]},{"@type":"WebSite","@id":"https:\/\/chefamadeoandorra.com\/#website","url":"https:\/\/chefamadeoandorra.com\/","name":"Chefamadeo","description":"El Caloret de Gandia","publisher":{"@id":"https:\/\/chefamadeoandorra.com\/#organization"},"potentialAction":[{"@type":"SearchAction","target":{"@type":"EntryPoint","urlTemplate":"https:\/\/chefamadeoandorra.com\/?s={search_term_string}"},"query-input":{"@type":"PropertyValueSpecification","valueRequired":true,"valueName":"search_term_string"}}],"inLanguage":"es"},{"@type":"Organization","@id":"https:\/\/chefamadeoandorra.com\/#organization","name":"Chefamadeoandorra","url":"https:\/\/chefamadeoandorra.com\/","logo":{"@type":"ImageObject","inLanguage":"es","@id":"https:\/\/chefamadeoandorra.com\/#\/schema\/logo\/image\/","url":"https:\/\/chefamadeoandorra.com\/wp-content\/uploads\/2022\/03\/logo-amadeo-ANDORRA.jpeg","contentUrl":"https:\/\/chefamadeoandorra.com\/wp-content\/uploads\/2022\/03\/logo-amadeo-ANDORRA.jpeg","width":867,"height":379,"caption":"Chefamadeoandorra"},"image":{"@id":"https:\/\/chefamadeoandorra.com\/#\/schema\/logo\/image\/"}}]}</script>
<!-- / Yoast SEO plugin. -->

PREMIOS EN CONCURSOS DE COCINA - Primer premio Fideuà de Gandia 2019 - Primer premio Fideuà de Gandia 2015 - Primer premio Arròs rossejat de Torrent 2018 - Segundo premio Putxero de l’Alcúdia 2017 - Tercer premio Putxero de l’Alcúdia 2016 - Primer premio Fideuá de Gandia 2014 - Segundo premio Arròs caldós Llutxent 2014 - [&hellip;]
