{"id":176,"date":"2022-03-24T11:02:22","date_gmt":"2022-03-24T11:02:22","guid":{"rendered":"https:\/\/chefamadeoandorra.com\/?page_id=176"},"modified":"2026-02-11T20:55:08","modified_gmt":"2026-02-11T20:55:08","slug":"reservar-mesa","status":"publish","type":"page","link":"https:\/\/chefamadeoandorra.com\/index.php\/reservar-mesa\/","title":{"rendered":"Reservar mesa"},"content":{"rendered":"<p>[et_pb_section fb_built=\u00bb1&#8243; admin_label=\u00bbContact Us\u00bb _builder_version=\u00bb4.27.4&#8243; background_color=\u00bb#471F00&#8243; background_image=\u00bbhttps:\/\/chefamadeoandorra.com\/wp-content\/uploads\/2022\/03\/Restaurante-Chef-Amadeo-gama-roja.jpeg\u00bb background_blend=\u00bbluminosity\u00bb custom_padding=\u00bb5px|0px|100px|0px||\u00bb locked=\u00bboff\u00bb collapsed=\u00bboff\u00bb global_colors_info=\u00bb{}\u00bb][et_pb_row column_structure=\u00bb1_2,1_2&#8243; make_equal=\u00bbon\u00bb _builder_version=\u00bb4.17.3&#8243; background_size=\u00bbinitial\u00bb background_position=\u00bbtop_left\u00bb background_repeat=\u00bbrepeat\u00bb max_width=\u00bb1280px\u00bb custom_margin=\u00bb|||\u00bb custom_padding=\u00bb|||\u00bb use_custom_width=\u00bbon\u00bb custom_width_px=\u00bb1280px\u00bb global_colors_info=\u00bb{}\u00bb][et_pb_column type=\u00bb1_2&#8243; _builder_version=\u00bb4.17.3&#8243; background_color=\u00bbrgba(0,0,0,0.61)\u00bb background_enable_image=\u00bboff\u00bb custom_padding=\u00bb100px|5%|100px|5%\u00bb animation_style=\u00bbslide\u00bb animation_direction=\u00bbleft\u00bb global_colors_info=\u00bb{}\u00bb custom_padding__hover=\u00bb|||\u00bb][et_pb_text _builder_version=\u00bb4.27.5&#8243; text_font=\u00bbMontserrat||||\u00bb text_text_color=\u00bb#ffffff\u00bb text_font_size=\u00bb15px\u00bb text_letter_spacing=\u00bb1px\u00bb text_line_height=\u00bb1.9em\u00bb background_size=\u00bbinitial\u00bb background_position=\u00bbtop_left\u00bb background_repeat=\u00bbrepeat\u00bb text_orientation=\u00bbcenter\u00bb module_alignment=\u00bbcenter\u00bb custom_margin=\u00bb36px||12px||false|false\u00bb animation_style=\u00bbzoom\u00bb animation_intensity_zoom=\u00bb20%\u00bb hover_enabled=\u00bb0&#8243; global_colors_info=\u00bb{}\u00bb sticky_enabled=\u00bb0&#8243;]<\/p>\n<p><strong>CHEF AMADEO ANDORRA<\/strong><\/p>\n<p><strong><span style=\"font-size: 15px;\">Jueves, viernes y s\u00e1bado<br \/><\/span><\/strong><span style=\"font-size: 15px;\">13:00pm \u2013 16:00pm<br \/>20:00pm \u2013 22:00pm<br \/><strong>De domingo a mi\u00e9rcoles<br \/><\/strong>13:00pm \u2013 16:00pm<\/span><\/p>\n<p>&nbsp;<\/p>\n<p>[\/et_pb_text][et_pb_text _builder_version=\u00bb4.27.4&#8243; text_font=\u00bbMontserrat||||\u00bb text_text_color=\u00bb#ffffff\u00bb text_font_size=\u00bb15px\u00bb text_letter_spacing=\u00bb1px\u00bb text_line_height=\u00bb1.9em\u00bb background_size=\u00bbinitial\u00bb background_position=\u00bbtop_left\u00bb background_repeat=\u00bbrepeat\u00bb text_orientation=\u00bbcenter\u00bb module_alignment=\u00bbcenter\u00bb custom_margin=\u00bb6px||-28px||false|false\u00bb animation_style=\u00bbzoom\u00bb animation_intensity_zoom=\u00bb20%\u00bb locked=\u00bboff\u00bb global_colors_info=\u00bb{}\u00bb]<\/p>\n<p><span style=\"font-size: 15px;\"><b>Lunes<br \/><\/b><\/span><span style=\"font-size: 15px;\">Cerrado todo el d\u00eda<br \/><\/span><\/p>\n<p>[\/et_pb_text][et_pb_text _builder_version=\u00bb4.27.4&#8243; text_font=\u00bbMontserrat||||\u00bb text_text_color=\u00bb#ffffff\u00bb text_font_size=\u00bb15px\u00bb text_letter_spacing=\u00bb1px\u00bb text_line_height=\u00bb1.9em\u00bb background_size=\u00bbinitial\u00bb background_position=\u00bbtop_left\u00bb background_repeat=\u00bbrepeat\u00bb text_orientation=\u00bbcenter\u00bb module_alignment=\u00bbcenter\u00bb custom_margin=\u00bb36px||12px||false|false\u00bb animation_style=\u00bbzoom\u00bb animation_intensity_zoom=\u00bb20%\u00bb global_colors_info=\u00bb{}\u00bb]<\/p>\n<p><strong><span style=\"font-size: 15px;\"><\/span><\/strong><\/p>\n<p><strong><span style=\"font-size: 15px;\"><\/span><\/strong><\/p>\n<p><strong><span style=\"font-size: 15px;\">El horario puede variar en d\u00edas festivos<\/span><\/strong><\/p>\n<p>&nbsp;<\/p>\n<p>[\/et_pb_text][et_pb_divider show_divider=\u00bboff\u00bb disabled_on=\u00bbon|on|off%22%22%22%22&#8243; _builder_version=\u00bb4.27.4&#8243; max_width=\u00bb400px\u00bb module_alignment=\u00bbcenter\u00bb height=\u00bb2px\u00bb custom_margin=\u00bb||0px|\u00bb custom_padding=\u00bb|||\u00bb animation_style=\u00bbzoom\u00bb animation_intensity_zoom=\u00bb20%\u00bb global_colors_info=\u00bb{}\u00bb][\/et_pb_divider][et_pb_divider show_divider=\u00bboff\u00bb disabled_on=\u00bbon|on|off%22%22%22%22&#8243; _builder_version=\u00bb4.16&#8243; max_width=\u00bb400px\u00bb module_alignment=\u00bbcenter\u00bb height=\u00bb2px\u00bb custom_margin=\u00bb||0px|\u00bb custom_padding=\u00bb|||\u00bb animation_style=\u00bbzoom\u00bb animation_intensity_zoom=\u00bb20%\u00bb locked=\u00bboff\u00bb global_colors_info=\u00bb{}\u00bb][\/et_pb_divider][et_pb_divider show_divider=\u00bboff\u00bb _builder_version=\u00bb4.16&#8243; _module_preset=\u00bbdefault\u00bb global_colors_info=\u00bb{}\u00bb][\/et_pb_divider][\/et_pb_column][et_pb_column type=\u00bb1_2&#8243; _builder_version=\u00bb4.17.3&#8243; background_color=\u00bbrgba(0,0,0,0.61)\u00bb background_enable_image=\u00bboff\u00bb custom_padding=\u00bb100px|5%|100px|5%\u00bb animation_style=\u00bbslide\u00bb animation_direction=\u00bbright\u00bb global_colors_info=\u00bb{}\u00bb custom_padding__hover=\u00bb|||\u00bb][et_pb_text _builder_version=\u00bb4.27.4&#8243; text_font=\u00bbMontserrat||||\u00bb text_text_color=\u00bbrgba(255,255,255,0.8)\u00bb text_font_size=\u00bb17px\u00bb text_line_height=\u00bb1.8em\u00bb header_font=\u00bb||||||||\u00bb header_font_size=\u00bb24px\u00bb header_3_font=\u00bb||||||||\u00bb background_size=\u00bbinitial\u00bb background_position=\u00bbtop_left\u00bb background_repeat=\u00bbrepeat\u00bb text_orientation=\u00bbcenter\u00bb background_layout=\u00bbdark\u00bb module_alignment=\u00bbcenter\u00bb global_colors_info=\u00bb{}\u00bb]<\/p>\n<h2>ESCR\u00cdBENOS<\/h2>\n<p>Almuerzo o cena de negocios?<br \/>Celebraci\u00f3n familiar?<\/p>\n<p>[\/et_pb_text][et_pb_text _builder_version=\u00bb4.27.4&#8243; text_font=\u00bbMontserrat||||\u00bb text_text_color=\u00bbrgba(255,255,255,0.8)\u00bb text_font_size=\u00bb17px\u00bb text_line_height=\u00bb1.8em\u00bb header_font=\u00bb||||||||\u00bb header_font_size=\u00bb24px\u00bb header_3_font=\u00bb||||||||\u00bb header_3_font_size=\u00bb17px\u00bb background_size=\u00bbinitial\u00bb background_position=\u00bbtop_left\u00bb background_repeat=\u00bbrepeat\u00bb text_orientation=\u00bbcenter\u00bb background_layout=\u00bbdark\u00bb module_alignment=\u00bbcenter\u00bb header_3_font_size_tablet=\u00bb\u00bb header_3_font_size_phone=\u00bb17px\u00bb header_3_font_size_last_edited=\u00bbon|desktop\u00bb global_colors_info=\u00bb{}\u00bb]<\/p>\n<h3>Haz tu consulta por e-mail<\/h3>\n<p>A la hora que tu quieras!<\/p>\n<p>[\/et_pb_text][et_pb_button button_text=\u00bbCONTACTO\u00bb button_alignment=\u00bbcenter\u00bb disabled_on=\u00bboff|off|off\u00bb _builder_version=\u00bb4.16&#8243; custom_button=\u00bbon\u00bb button_text_size=\u00bb15px\u00bb button_text_color=\u00bb#ffffff\u00bb button_bg_color=\u00bb#E02B20&#8243; button_border_width=\u00bb0px\u00bb button_border_color=\u00bb#c39d63&#8243; button_border_radius=\u00bb15px\u00bb button_letter_spacing=\u00bb2px\u00bb button_font=\u00bbMontserrat|||on|\u00bb button_use_icon=\u00bboff\u00bb custom_margin=\u00bb||80px|\u00bb button_border_radius_hover=\u00bb0px\u00bb button_letter_spacing_hover=\u00bb2px\u00bb locked=\u00bboff\u00bb global_colors_info=\u00bb{}\u00bb button_text_size__hover_enabled=\u00bboff\u00bb button_one_text_size__hover_enabled=\u00bboff\u00bb button_two_text_size__hover_enabled=\u00bboff\u00bb button_text_color__hover_enabled=\u00bboff\u00bb button_one_text_color__hover_enabled=\u00bboff\u00bb button_two_text_color__hover_enabled=\u00bboff\u00bb button_border_width__hover_enabled=\u00bboff\u00bb button_one_border_width__hover_enabled=\u00bboff\u00bb button_two_border_width__hover_enabled=\u00bboff\u00bb button_border_color__hover_enabled=\u00bboff\u00bb button_one_border_color__hover_enabled=\u00bboff\u00bb button_two_border_color__hover_enabled=\u00bboff\u00bb button_border_radius__hover_enabled=\u00bbon\u00bb button_border_radius__hover=\u00bb0px\u00bb button_one_border_radius__hover_enabled=\u00bboff\u00bb button_two_border_radius__hover_enabled=\u00bboff\u00bb button_letter_spacing__hover_enabled=\u00bbon\u00bb button_letter_spacing__hover=\u00bb2px\u00bb button_one_letter_spacing__hover_enabled=\u00bboff\u00bb button_two_letter_spacing__hover_enabled=\u00bboff\u00bb button_bg_color__hover_enabled=\u00bboff\u00bb button_one_bg_color__hover_enabled=\u00bboff\u00bb button_two_bg_color__hover_enabled=\u00bboff\u00bb][\/et_pb_button][\/et_pb_column][\/et_pb_row][et_pb_row use_custom_gutter=\u00bbon\u00bb gutter_width=\u00bb1&#8243; module_id=\u00bbreserva-mesa\u00bb _builder_version=\u00bb4.17.3&#8243; background_color=\u00bbrgba(0,0,0,0.61)\u00bb background_enable_image=\u00bboff\u00bb parallax=\u00bbon\u00bb width=\u00bb100%\u00bb max_width=\u00bb1385px\u00bb max_height=\u00bb574px\u00bb custom_padding=\u00bb||||false|false\u00bb global_colors_info=\u00bb{}\u00bb][et_pb_column type=\u00bb4_4&#8243; _builder_version=\u00bb4.16&#8243; background_position=\u00bbtop_left\u00bb custom_padding=\u00bb|||\u00bb global_colors_info=\u00bb{}\u00bb custom_padding__hover=\u00bb|||\u00bb][et_pb_text admin_label=\u00bbReservar mesa\u00bb _builder_version=\u00bb4.27.4&#8243; _module_preset=\u00bbdefault\u00bb text_font=\u00bbMontserrat|||||on|||\u00bb text_text_color=\u00bb#FFFFFF\u00bb text_font_size=\u00bb40px\u00bb text_orientation=\u00bbcenter\u00bb custom_margin=\u00bb10px||12px||false|false\u00bb text_font_size_tablet=\u00bb\u00bb text_font_size_phone=\u00bb\u00bb text_font_size_last_edited=\u00bbon|phone\u00bb global_colors_info=\u00bb{}\u00bb]<\/p>\n<p>Reserva Mesa<\/p>\n<p>[\/et_pb_text][et_pb_text _builder_version=\u00bb4.27.4&#8243; text_font=\u00bbMontserrat||||\u00bb text_text_color=\u00bb#ffffff\u00bb text_font_size=\u00bb15px\u00bb text_letter_spacing=\u00bb1px\u00bb text_line_height=\u00bb1.9em\u00bb background_size=\u00bbinitial\u00bb background_position=\u00bbtop_left\u00bb background_repeat=\u00bbrepeat\u00bb text_orientation=\u00bbcenter\u00bb module_alignment=\u00bbcenter\u00bb custom_margin=\u00bb12px||12px|\u00bb animation_style=\u00bbzoom\u00bb animation_intensity_zoom=\u00bb20%\u00bb locked=\u00bboff\u00bb global_colors_info=\u00bb{}\u00bb]<\/p>\n<p><span style=\"font-size: 15px;\"><b>DOMINGO NOCHE Y LUNES CERRADO<br \/><\/b><\/span><span style=\"font-size: 15px;\">(Excepto festivos)<\/span><\/p>\n<p>[\/et_pb_text][et_pb_text _builder_version=\u00bb4.27.4&#8243; _module_preset=\u00bbdefault\u00bb text_text_color=\u00bb#FFFFFF\u00bb text_orientation=\u00bbcenter\u00bb text_font_size_tablet=\u00bb\u00bb text_font_size_phone=\u00bb10px\u00bb text_font_size_last_edited=\u00bbon|phone\u00bb global_colors_info=\u00bb{}\u00bb]<\/p>\n<p><strong>RESERVA PENDIENTE DE\u00a0 CONFIRMACI\u00d3N POR PARTE DEL RESTAURANTE<\/strong><\/p>\n<p><strong>RECUERDE QUE EST\u00c1 RESERVANDO EN CHEF AMADEO ANDORRA<\/strong><\/p>\n<p>[\/et_pb_text][dsm_contact_form_7 cf7_library=\u00bb39&#8243; button_alignment=\u00bbleft\u00bb input_background_color=\u00bb#D6D6D6&#8243; _builder_version=\u00bb4.27.4&#8243; _module_preset=\u00bbdefault\u00bb labels_font=\u00bbMontserrat||||||||\u00bb labels_text_color=\u00bb#FFFFFF\u00bb input_textarea_select_text_color=\u00bb#000000&#8243; input_textarea_select_font_size=\u00bb12px\u00bb input_textarea_select_line_height=\u00bb0.8em\u00bb placeholder_text_color=\u00bb#000000&#8243; radio_checkbox_text_color=\u00bb#000000&#8243; file_text_color=\u00bb#000000&#8243; success_validation_text_color=\u00bb#FFFFFF\u00bb success_validation_font_size=\u00bb10px\u00bb background_enable_color=\u00bboff\u00bb custom_button_one=\u00bbon\u00bb button_one_text_color=\u00bb#FFFFFF\u00bb button_one_bg_color=\u00bbrgba(224,43,32,0.76)\u00bb button_one_border_width=\u00bb1px\u00bb button_one_border_color=\u00bb#FFFFFF\u00bb button_one_border_radius=\u00bb22px\u00bb button_one_font=\u00bbMontserrat||||||||\u00bb button_one_use_icon=\u00bboff\u00bb transform_translate=\u00bb1px|0px\u00bb transform_translate_linked=\u00bboff\u00bb module_alignment=\u00bbcenter\u00bb height=\u00bb639px\u00bb custom_padding=\u00bb3%|9px|0px|9px|false|false\u00bb custom_padding_tablet=\u00bb\u00bb custom_padding_phone=\u00bb\u00bb custom_padding_last_edited=\u00bbon|phone\u00bb labels_font_size_tablet=\u00bb\u00bb labels_font_size_phone=\u00bb12px\u00bb labels_font_size_last_edited=\u00bbon|phone\u00bb button_one_text_size_tablet=\u00bb\u00bb button_one_text_size_phone=\u00bb12px\u00bb button_one_text_size_last_edited=\u00bbon|phone\u00bb custom_css_main_element=\u00bbcolumn-count:3;||\u00bb border_radii_image=\u00bbon|5px|5px|5px|5px\u00bb border_color_all_image=\u00bb#FFFFFF\u00bb border_color_all_validation_success=\u00bb#FFFFFF\u00bb global_colors_info=\u00bb{}\u00bb custom_css_main_element_last_edited=\u00bbon|phone\u00bb custom_css_main_element_phone=\u00bbcolumn-count:2;\u00bb custom_css_main_element_tablet=\u00bbcolumn-count:3;||\u00bb][\/dsm_contact_form_7][\/et_pb_column][\/et_pb_row][\/et_pb_section]<\/p>\n","protected":false},"excerpt":{"rendered":"<p>CHEF AMADEO ANDORRA Jueves, viernes y s\u00e1bado13:00pm \u2013 16:00pm20:00pm \u2013 22:00pmDe domingo a mi\u00e9rcoles13:00pm \u2013 16:00pm &nbsp;LunesCerrado todo el d\u00eda El horario puede variar en d\u00edas festivos &nbsp;ESCR\u00cdBENOS Almuerzo o cena de negocios?Celebraci\u00f3n familiar?Haz tu consulta por e-mail A la hora que tu quieras!Reserva MesaDOMINGO NOCHE Y LUNES CERRADO(Excepto festivos)RESERVA PENDIENTE DE\u00a0 CONFIRMACI\u00d3N POR PARTE [&hellip;]<\/p>\n","protected":false},"author":1,"featured_media":0,"parent":0,"menu_order":0,"comment_status":"closed","ping_status":"closed","template":"","meta":{"_et_pb_use_builder":"on","_et_pb_old_content":"","_et_gb_content_width":"","footnotes":""},"class_list":["post-176","page","type-page","status-publish","hentry"],"yoast_head":"<!-- This site is optimized with the Yoast SEO plugin v27.2 - https:\/\/yoast.com\/product\/yoast-seo-wordpress\/ -->\n<title>Reservar mesa - Chefamadeo<\/title>\n<meta name=\"robots\" content=\"index, follow, max-snippet:-1, max-image-preview:large, max-video-preview:-1\" \/>\n<link rel=\"canonical\" href=\"https:\/\/chefamadeoandorra.com\/index.php\/reservar-mesa\/\" \/>\n<meta property=\"og:locale\" content=\"es_ES\" \/>\n<meta property=\"og:type\" content=\"article\" \/>\n<meta property=\"og:title\" content=\"Reservar mesa - Chefamadeo\" \/>\n<meta property=\"og:description\" content=\"CHEF AMADEO ANDORRA Jueves, viernes y s\u00e1bado13:00pm \u2013 16:00pm20:00pm \u2013 22:00pmDe domingo a mi\u00e9rcoles13:00pm \u2013 16:00pm &nbsp;LunesCerrado todo el d\u00eda El horario puede variar en d\u00edas festivos &nbsp;ESCR\u00cdBENOS Almuerzo o cena de negocios?Celebraci\u00f3n familiar?Haz tu consulta por e-mail A la hora que tu quieras!Reserva MesaDOMINGO NOCHE Y LUNES CERRADO(Excepto festivos)RESERVA PENDIENTE DE\u00a0 CONFIRMACI\u00d3N POR PARTE [&hellip;]\" \/>\n<meta property=\"og:url\" content=\"https:\/\/chefamadeoandorra.com\/index.php\/reservar-mesa\/\" \/>\n<meta property=\"og:site_name\" content=\"Chefamadeo\" \/>\n<meta property=\"article:modified_time\" content=\"2026-02-11T20:55:08+00:00\" \/>\n<meta name=\"twitter:card\" content=\"summary_large_image\" \/>\n<meta name=\"twitter:label1\" content=\"Tiempo de lectura\" \/>\n\t<meta name=\"twitter:data1\" content=\"1 minuto\" \/>\n<script type=\"application\/ld+json\" class=\"yoast-schema-graph\">{\"@context\":\"https:\/\/schema.org\",\"@graph\":[{\"@type\":\"WebPage\",\"@id\":\"https:\/\/chefamadeoandorra.com\/index.php\/reservar-mesa\/\",\"url\":\"https:\/\/chefamadeoandorra.com\/index.php\/reservar-mesa\/\",\"name\":\"Reservar mesa - Chefamadeo\",\"isPartOf\":{\"@id\":\"https:\/\/chefamadeoandorra.com\/#website\"},\"datePublished\":\"2022-03-24T11:02:22+00:00\",\"dateModified\":\"2026-02-11T20:55:08+00:00\",\"breadcrumb\":{\"@id\":\"https:\/\/chefamadeoandorra.com\/index.php\/reservar-mesa\/#breadcrumb\"},\"inLanguage\":\"es\",\"potentialAction\":[{\"@type\":\"ReadAction\",\"target\":[\"https:\/\/chefamadeoandorra.com\/index.php\/reservar-mesa\/\"]}]},{\"@type\":\"BreadcrumbList\",\"@id\":\"https:\/\/chefamadeoandorra.com\/index.php\/reservar-mesa\/#breadcrumb\",\"itemListElement\":[{\"@type\":\"ListItem\",\"position\":1,\"name\":\"Portada\",\"item\":\"https:\/\/chefamadeoandorra.com\/\"},{\"@type\":\"ListItem\",\"position\":2,\"name\":\"Reservar mesa\"}]},{\"@type\":\"WebSite\",\"@id\":\"https:\/\/chefamadeoandorra.com\/#website\",\"url\":\"https:\/\/chefamadeoandorra.com\/\",\"name\":\"Chefamadeo\",\"description\":\"El Caloret de Gandia\",\"publisher\":{\"@id\":\"https:\/\/chefamadeoandorra.com\/#organization\"},\"potentialAction\":[{\"@type\":\"SearchAction\",\"target\":{\"@type\":\"EntryPoint\",\"urlTemplate\":\"https:\/\/chefamadeoandorra.com\/?s={search_term_string}\"},\"query-input\":{\"@type\":\"PropertyValueSpecification\",\"valueRequired\":true,\"valueName\":\"search_term_string\"}}],\"inLanguage\":\"es\"},{\"@type\":\"Organization\",\"@id\":\"https:\/\/chefamadeoandorra.com\/#organization\",\"name\":\"Chefamadeoandorra\",\"url\":\"https:\/\/chefamadeoandorra.com\/\",\"logo\":{\"@type\":\"ImageObject\",\"inLanguage\":\"es\",\"@id\":\"https:\/\/chefamadeoandorra.com\/#\/schema\/logo\/image\/\",\"url\":\"https:\/\/chefamadeoandorra.com\/wp-content\/uploads\/2022\/03\/logo-amadeo-ANDORRA.jpeg\",\"contentUrl\":\"https:\/\/chefamadeoandorra.com\/wp-content\/uploads\/2022\/03\/logo-amadeo-ANDORRA.jpeg\",\"width\":867,\"height\":379,\"caption\":\"Chefamadeoandorra\"},\"image\":{\"@id\":\"https:\/\/chefamadeoandorra.com\/#\/schema\/logo\/image\/\"}}]}<\/script>\n<!-- \/ Yoast SEO plugin. -->","yoast_head_json":{"title":"Reservar mesa - Chefamadeo","robots":{"index":"index","follow":"follow","max-snippet":"max-snippet:-1","max-image-preview":"max-image-preview:large","max-video-preview":"max-video-preview:-1"},"canonical":"https:\/\/chefamadeoandorra.com\/index.php\/reservar-mesa\/","og_locale":"es_ES","og_type":"article","og_title":"Reservar mesa - Chefamadeo","og_description":"CHEF AMADEO ANDORRA Jueves, viernes y s\u00e1bado13:00pm \u2013 16:00pm20:00pm \u2013 22:00pmDe domingo a mi\u00e9rcoles13:00pm \u2013 16:00pm &nbsp;LunesCerrado todo el d\u00eda El horario puede variar en d\u00edas festivos &nbsp;ESCR\u00cdBENOS Almuerzo o cena de negocios?Celebraci\u00f3n familiar?Haz tu consulta por e-mail A la hora que tu quieras!Reserva MesaDOMINGO NOCHE Y LUNES CERRADO(Excepto festivos)RESERVA PENDIENTE DE\u00a0 CONFIRMACI\u00d3N POR PARTE [&hellip;]","og_url":"https:\/\/chefamadeoandorra.com\/index.php\/reservar-mesa\/","og_site_name":"Chefamadeo","article_modified_time":"2026-02-11T20:55:08+00:00","twitter_card":"summary_large_image","twitter_misc":{"Tiempo de lectura":"1 minuto"},"schema":{"@context":"https:\/\/schema.org","@graph":[{"@type":"WebPage","@id":"https:\/\/chefamadeoandorra.com\/index.php\/reservar-mesa\/","url":"https:\/\/chefamadeoandorra.com\/index.php\/reservar-mesa\/","name":"Reservar mesa - Chefamadeo","isPartOf":{"@id":"https:\/\/chefamadeoandorra.com\/#website"},"datePublished":"2022-03-24T11:02:22+00:00","dateModified":"2026-02-11T20:55:08+00:00","breadcrumb":{"@id":"https:\/\/chefamadeoandorra.com\/index.php\/reservar-mesa\/#breadcrumb"},"inLanguage":"es","potentialAction":[{"@type":"ReadAction","target":["https:\/\/chefamadeoandorra.com\/index.php\/reservar-mesa\/"]}]},{"@type":"BreadcrumbList","@id":"https:\/\/chefamadeoandorra.com\/index.php\/reservar-mesa\/#breadcrumb","itemListElement":[{"@type":"ListItem","position":1,"name":"Portada","item":"https:\/\/chefamadeoandorra.com\/"},{"@type":"ListItem","position":2,"name":"Reservar mesa"}]},{"@type":"WebSite","@id":"https:\/\/chefamadeoandorra.com\/#website","url":"https:\/\/chefamadeoandorra.com\/","name":"Chefamadeo","description":"El Caloret de Gandia","publisher":{"@id":"https:\/\/chefamadeoandorra.com\/#organization"},"potentialAction":[{"@type":"SearchAction","target":{"@type":"EntryPoint","urlTemplate":"https:\/\/chefamadeoandorra.com\/?s={search_term_string}"},"query-input":{"@type":"PropertyValueSpecification","valueRequired":true,"valueName":"search_term_string"}}],"inLanguage":"es"},{"@type":"Organization","@id":"https:\/\/chefamadeoandorra.com\/#organization","name":"Chefamadeoandorra","url":"https:\/\/chefamadeoandorra.com\/","logo":{"@type":"ImageObject","inLanguage":"es","@id":"https:\/\/chefamadeoandorra.com\/#\/schema\/logo\/image\/","url":"https:\/\/chefamadeoandorra.com\/wp-content\/uploads\/2022\/03\/logo-amadeo-ANDORRA.jpeg","contentUrl":"https:\/\/chefamadeoandorra.com\/wp-content\/uploads\/2022\/03\/logo-amadeo-ANDORRA.jpeg","width":867,"height":379,"caption":"Chefamadeoandorra"},"image":{"@id":"https:\/\/chefamadeoandorra.com\/#\/schema\/logo\/image\/"}}]}},"_links":{"self":[{"href":"https:\/\/chefamadeoandorra.com\/index.php\/wp-json\/wp\/v2\/pages\/176","targetHints":{"allow":["GET"]}}],"collection":[{"href":"https:\/\/chefamadeoandorra.com\/index.php\/wp-json\/wp\/v2\/pages"}],"about":[{"href":"https:\/\/chefamadeoandorra.com\/index.php\/wp-json\/wp\/v2\/types\/page"}],"author":[{"embeddable":true,"href":"https:\/\/chefamadeoandorra.com\/index.php\/wp-json\/wp\/v2\/users\/1"}],"replies":[{"embeddable":true,"href":"https:\/\/chefamadeoandorra.com\/index.php\/wp-json\/wp\/v2\/comments?post=176"}],"version-history":[{"count":5,"href":"https:\/\/chefamadeoandorra.com\/index.php\/wp-json\/wp\/v2\/pages\/176\/revisions"}],"predecessor-version":[{"id":5342,"href":"https:\/\/chefamadeoandorra.com\/index.php\/wp-json\/wp\/v2\/pages\/176\/revisions\/5342"}],"wp:attachment":[{"href":"https:\/\/chefamadeoandorra.com\/index.php\/wp-json\/wp\/v2\/media?parent=176"}],"curies":[{"name":"wp","href":"https:\/\/api.w.org\/{rel}","templated":true}]}}